 prime?
True
Is 419773 composite?
True
Is 95857 composite?
False
Is 400627 a prime number?
False
Is 122887 a composite number?
False
Is 731447 composite?
False
Is 479 composite?
False
Is 5359 composite?
True
Is 2809 composite?
True
Is 1345683 a composite number?
True
Is 2095 composite?
True
Is 1110989 prime?
False
Is 6421 a composite number?
False
Is 800849 composite?
True
Is 4063 a composite number?
True
Is 25577 prime?
True
Is 3659 a composite number?
False
Is 314197 a prime number?
False
Is 96353 a prime number?
True
Is 28421 a composite number?
True
Is 17741 a prime number?
False
Is 64951 composite?
False
Is 1847 composite?
False
Is 126482 prime?
False
Is 25169 composite?
False
Is 12791 prime?
True
Is 59063 a composite number?
False
Is 871901 composite?
False
Is 10843 composite?
True
Is 49319 prime?
False
Is 864971 a composite number?
True
Is 61309 prime?
False
Is 355777 prime?
True
Is 33477 composite?
True
Is 7639 composite?
False
Is 11399 a composite number?
False
Is 25481 a composite number?
True
Is 55439 a prime number?
True
Is 28463 prime?
True
Is 394271 prime?
True
Is 1741 a composite number?
False
Is 130267 prime?
True
Is 21467 a composite number?
False
Is 375593 prime?
True
Is 1302989 a composite number?
True
Is 1126789 a prime number?
False
Is 42079 a composite number?
True
Is 12197 prime?
True
Is 1034095 a composite number?
True
Is 890879 a prime number?
False
Is 401 prime?
True
Is 2879 a composite number?
False
Is 1791113 a prime number?
True
Is 14851 a composite number?
False
Is 2549993 composite?
False
Is 28261 prime?
False
Is 116417 prime?
False
Is 17933 a composite number?
True
Is 13138 prime?
False
Is 18517 a composite number?
False
Is 1105127 a prime number?
False
Is 110989 composite?
False
Is 253229 a prime number?
True
Is 83383 composite?
False
Is 719633 a composite number?
False
Is 14902 composite?
True
Is 12515 prime?
False
Is 358667 prime?
True
Is 3989 a composite number?
False
Is 22353 prime?
False
Is 195427 a composite number?
False
Is 10831 composite?
False
Is 390647 prime?
True
Is 39209 composite?
False
Is 934753 a composite number?
False
Is 4073 a prime number?
True
Is 46381 a composite number?
False
Is 17257 a composite number?
False
Is 312673 a composite number?
False
Is 91229 prime?
True
Is 64151 prime?
True
Is 715769 prime?
False
Is 145397 prime?
False
Is 78661 a prime number?
False
Is 5095 prime?
False
Is 7003 composite?
True
Is 26083 a composite number?
False
Is 19171 a prime number?
False
Is 1750895 a prime number?
False
Is 405129 a prime number?
False
Is 1037611 composite?
False
Is 4393 a composite number?
True
Is 64031 a composite number?
True
Is 83679 a prime number?
False
Is 43331 a prime number?
True
Is 1478353 a prime number?
True
Is 19631 composite?
True
Is 195467 composite?
True
Is 3386 prime?
False
Is 41443 a composite number?
False
Is 57659 composite?
True
Is 45763 prime?
True
Is 466033 a prime number?
True
Is 702497 prime?
True
Is 179263 prime?
False
Is 5153 prime?
True
Is 3481 a prime number?
False
Is 977 composite?
False
Is 17323 a composite number?
True
Is 197159 a prime number?
True
Is 58787 prime?
True
Is 215051 composite?
False
Is 488287 a composite number?
False
Is 201043 composite?
True
Is 2603 prime?
False
Is 47761 a composite number?
True
Is 6121 composite?
False
Is 43447 a composite number?
True
Is 234169 composite?
True
Is 4313 a prime number?
False
Is 160739 a prime number?
True
Is 13367 a prime number?
True
Is 7681247 composite?
True
Is 10369 prime?
True
Is 12197 a prime number?
True
Is 4547 composite?
False
Is 1943 a prime number?
False
Is 60817 composite?
True
Is 138319 prime?
True
Is 4229 composite?
False
Is 15699 a composite number?
True
Is 15793 composite?
True
Is 8387 composite?
False
Is 64399 prime?
True
Is 89477 prime?
True
Is 226241 prime?
True
Is 377 a composite number?
True
Is 681 a composite number?
True
Is 13861 a composite number?
True
Is 8367 a composite number?
True
Is 42043 composite?
False
Is 28321 a composite number?
True
Is 13607 a composite number?
True
Is 3383249 a composite number?
False
Is 26903 prime?
True
Is 77069 a prime number?
True
Is 4486 a prime number?
False
Is 52453 composite?
False
Is 26099 prime?
True
Is 368959 composite?
True
Is 16771 composite?
True
Is 65761 prime?
True
Is 13751 a prime number?
True
Is 551937 a composite number?
True
Is 64849 composite?
False
Is 37803 prime?
False
Is 207923 a prime number?
True
Is 66687 a composite number?
True
Is 250103 prime?
False
Is 58067 a composite number?
False
Is 30869 a composite number?
False
Is 10781 a prime number?
True
Is 22669 composite?
False
Is 63323 a prime number?
False
Is 2609 a prime number?
True
Is 3146601 a composite number?
True
Is 114827 a composite number?
False
Is 1171229 prime?
False
Is 21223 prime?
False
Is 14635 composite?
True
Is 94853 composite?
True
Is 2333 composite?
False
Is 831263 prime?
False
Is 41141 prime?
True
Is 146019 a prime number?
False
Is 46559 prime?
True
Is 1973 a composite number?
False
Is 2953 a prime number?
True
Is 283793 a composite number?
False
Is 50242 composite?
True
Is 8251 prime?
False
Is 9017 prime?
False
Is 49573 a prime number?
False
Is 3329 a composite number?
False
Is 128561 a composite number?
True
Is 253841 a composite number?
True
Is 1596679 prime?
False
Is 740923 prime?
True
Is 123033 a composite number?
True
Is 51941 prime?
True
Is 5153 a prime number?
True
Is 326863 a composite number?
False
Is 415901 composite?
False
Is 244285 a prime number?
False
Is 13021 a prime number?
False
Is 3869 prime?
False
Is 366319 a composite number?
True
Is 28297 a composite number?
False
Is 192155 a prime number?
False
Is 5501 composite?
False
Is 93187 a composite number?
False
Is 1739 prime?
False
Is 2749 a composite number?
False
Is 190623 composite?
True
Is 287921 composite?
False
Is 195311 a composite number?
False
Is 155821 composite?
False
Is 975389 composite?
False
Is 1561 a prime number?
False
Is 1038367 a composite number?
True
Is 358531 prime?
True
Is 1465391 a composite number?
False
Is 181705 prime?
False
Is 7817 prime?
True
Is 2879 prime?
True
Is 738443 prime?
True
Is 43541 composite?
False
Is 135631 a prime number?
False
Is 12439 a composite number?
True
Is 34735 a prime number?
False
Is 4201 a composite number?
False
Is 419993 composite?
True
Is 36061 a prime number?
True
Is 12763 composite?
False
Is 28807 composite?
False
Is 19373 composite?
False
Is 13885 a composite number?
True
Is 30911 prime?
True
Is 5813 a composite number?
False
Is 15955 a composite number?
True
Is 226813 composite?
False
Is 749579 a prime number?
False
Is 88679 a prime number?
False
Is 13829 composite?
False
Is 9566 a composite number?
True
Is 326309 a composite number?
False
Is 72211 a prime number?
True
Is 771 prime?
False
Is 87343 composite?
True
Is 137569 composite?
True
Is 7981 composite?
True
Is 3079 a prime number?
True
Is 1460141 composite?
True
Is 497 a prime number?
False
Is 237093 a prime number?
False
Is 69869 a composite number?
True
Is 13253 composite?
True
Is 26905 prime?
False
Is 648859 composite?
False
Is 1949 prime?
True
Is 15245 prime?
False
Is 7187 a composite number?
False
Is 6239 prime?
False
Is 7563 a composite number?
True
Is 14477 a prime number?
False
Is 44617 prime?
True
Is 51749 composite?
False
Is 71741 prime?
True
Is 2501 a composite number?
True
Is 37403 a prime number?
False
Is 3761 prime?
True
Is 234335 composite?
True
Is 28961 composite?
False
Is 1169673 a composite number?
True
Is 1515119 a composite number?
False
Is 45259 prime?
True
Is 30967 prime?
False
Is 36287 prime?
False
Is 306727 a prime number?
True
Is 5879 composite?
False
Is 1361 a prime number?
True
Is 40213 prime?
True
Is 1277 a composite number?
False
Is 20906 a prime number?
False
Is 110402 a composite number?
True
Is 19289 a composite number?
False
Is 317851 prime?
False
Is 579703 prime?
False
Is 15937 composite?
False
Is 44359 a prime number?
False
Is 5377 a composite number?
True
Is 20455 a composite number?
True
Is 9601 a prime number?
True
Is 4489 composite?
True
Is 275881 composite?
False
Is 3119 a prime number?
True
Is 66901 composite?
True
Is 36587 prime?
True
Is 30787 a composite number?
True
Is 102761 prime?
True
Is 104735 composite?
True
Is 674185 a composite